{"id":21827,"date":"2023-02-20T23:19:44","date_gmt":"2023-02-20T22:19:44","guid":{"rendered":"https:\/\/www.fndaterballetto.it\/evento\/gap-of-42-2\/"},"modified":"2023-03-29T19:13:46","modified_gmt":"2023-03-29T17:13:46","slug":"gap-of-42-2","status":"publish","type":"tribe_events","link":"https:\/\/www.fndaterballetto.it\/en\/event\/gap-of-42-2\/","title":{"rendered":"GAP OF 42"},"content":{"rendered":"<div id=\"attachment_18317\" style=\"width: 1350px\" class=\"wp-caption alignnone\"><img decoding=\"async\" aria-describedby=\"caption-attachment-18317\" class=\"size-full wp-image-18317\" src=\"https:\/\/www.aterballetto.it\/wp-content\/uploads\/2023\/01\/Schermata-2023-01-27-alle-14.23.38.jpg\" alt=\"\" width=\"1340\" height=\"886\" \/><p id=\"caption-attachment-18317\" class=\"wp-caption-text\"><span style=\"font-size: 11pt;\">GAP of 42 &#8211; Chris Iris &#8211; ph. Kai Hebestreit<\/span><\/p><\/div>\n<p>&nbsp;<\/p>\n<p>The acrobatic dance show <span style=\"color: #d40000;\"><strong><em>Gap of 42<\/em><\/strong><\/span> created and performed by two very talented German artists, <strong>Christopher Schlunk and Iris Pelz<\/strong>, is coming to the Fonderia for the first time. Extraordinary acrobatics and situational comedy meet in a contemporary and entertaining show where two apparently very different bodies come together to create something incredible.<\/p>\n<div class=\"accordian fusion-accordian\" style=\"--awb-border-size:1px;--awb-icon-size:13px;--awb-content-font-size:1em;--awb-icon-alignment:left;--awb-hover-color:#f9f9f9;--awb-border-color:#cccccc;--awb-background-color:#ffffff;--awb-divider-color:#222222;--awb-divider-hover-color:#222222;--awb-icon-color:#222222;--awb-title-color:var(--awb-color8);--awb-content-color:var(--awb-color8);--awb-icon-box-color:#333333;--awb-toggle-hover-accent-color:var(--awb-color3);--awb-title-font-family:&quot;Mulish&quot;;--awb-title-font-weight:700;--awb-title-font-style:normal;--awb-title-font-size:1.4em;--awb-content-font-family:&quot;Mulish&quot;;--awb-content-font-style:normal;--awb-content-font-weight:400;\"><div class=\"panel-group fusion-toggle-icon-unboxed\" id=\"accordion-21827-1\"><div class=\"fusion-panel panel-default panel-c113e5cb39e077bd0 fusion-toggle-has-divider\"><div class=\"panel-heading\"><h4 class=\"panel-title toggle\" id=\"toggle_c113e5cb39e077bd0\"><a aria-expanded=\"false\" aria-controls=\"c113e5cb39e077bd0\" role=\"button\" data-toggle=\"collapse\" data-parent=\"#accordion-21827-1\" data-target=\"#c113e5cb39e077bd0\" href=\"#c113e5cb39e077bd0\"><span class=\"fusion-toggle-icon-wrapper\" aria-hidden=\"true\"><i class=\"fa-fusion-box active-icon awb-icon-minus\" aria-hidden=\"true\"><\/i><i class=\"fa-fusion-box inactive-icon awb-icon-plus\" aria-hidden=\"true\"><\/i><\/span><span class=\"fusion-toggle-heading\">CREDITS<\/span><\/a><\/h4><\/div><div id=\"c113e5cb39e077bd0\" class=\"panel-collapse collapse \" aria-labelledby=\"toggle_c113e5cb39e077bd0\"><div class=\"panel-body toggle-content fusion-clearfix\"><\/p>\n<p class=\"p1\">By and with <strong>Iris Pelz e Christopher Schlunk <\/strong><\/p>\n<p class=\"p1\">Outside-eye: <strong>Stefan Sch\u00f6nfeld <\/strong><\/p>\n<p class=\"p1\">Musicc: <strong>Schroeder (with Jan Fitschen | Felix Borel | Bella Nugent) <\/strong><\/p>\n<p class=\"p1\">Object theatre coaching: <strong>Anne-Kathrin Klatt <\/strong><\/p>\n<p class=\"p1\">Dance coaching: <strong>Laura B\u00f6rtlein <\/strong><\/p>\n<p class=\"p1\">Lighting design: <strong>Marvin W\u00f6llner<\/strong><\/p>\n<p><\/div><\/div><\/div><div class=\"fusion-panel panel-default panel-87d3dbd326509941b fusion-toggle-has-divider\"><div class=\"panel-heading\"><h4 class=\"panel-title toggle\" id=\"toggle_87d3dbd326509941b\"><a aria-expanded=\"false\" aria-controls=\"87d3dbd326509941b\" role=\"button\" data-toggle=\"collapse\" data-parent=\"#accordion-21827-1\" data-target=\"#87d3dbd326509941b\" href=\"#87d3dbd326509941b\"><span class=\"fusion-toggle-icon-wrapper\" aria-hidden=\"true\"><i class=\"fa-fusion-box active-icon awb-icon-minus\" aria-hidden=\"true\"><\/i><i class=\"fa-fusion-box inactive-icon awb-icon-plus\" aria-hidden=\"true\"><\/i><\/span><span class=\"fusion-toggle-heading\">SYNOPSIS<\/span><\/a><\/h4><\/div><div id=\"87d3dbd326509941b\" class=\"panel-collapse collapse \" aria-labelledby=\"toggle_87d3dbd326509941b\"><div class=\"panel-body toggle-content fusion-clearfix\"><\/p>\n<p><strong>Two dissimilar bodies meet acrobatically.<\/strong> 42 cm separate them in height, 42 kg in weight. A difference that unites and creates possibilities instead of being an obstacle. The extraordinary acrobatics surprise the audience while the duo&#8217;s subtle humour makes them smile. The performers sympathetically and thought-provokingly show how relationships change and how they meet at eye level. Philosophical questions are raised, absurd moments arise and there is a glimmer of magic. Three wooden objects even out the height difference and become a third partner on stage. The piece is a compilation of contemporary circus, physical theatre, dance and object theatre. Acrobatics performed with precision and ease; touching, poetic and original.<\/p>\n<p>&#8220;<em>Rarely has a dance or acrobatic couple been seen that portrays the great themes of being so subtly, so poetically.&#8221;<\/em> (Bernd Guido Weber in &#8216;Schw\u00e4bische&#8217; about GAP of 42)<\/p>\n<p><\/div><\/div><\/div><div class=\"fusion-panel panel-default panel-710d9958757dd4483 fusion-toggle-has-divider\"><div class=\"panel-heading\"><h4 class=\"panel-title toggle\" id=\"toggle_710d9958757dd4483\"><a aria-expanded=\"false\" aria-controls=\"710d9958757dd4483\" role=\"button\" data-toggle=\"collapse\" data-parent=\"#accordion-21827-1\" data-target=\"#710d9958757dd4483\" href=\"#710d9958757dd4483\"><span class=\"fusion-toggle-icon-wrapper\" aria-hidden=\"true\"><i class=\"fa-fusion-box active-icon awb-icon-minus\" aria-hidden=\"true\"><\/i><i class=\"fa-fusion-box inactive-icon awb-icon-plus\" aria-hidden=\"true\"><\/i><\/span><span class=\"fusion-toggle-heading\">CHRIS IRIS<\/span><\/a><\/h4><\/div><div id=\"710d9958757dd4483\" class=\"panel-collapse collapse \" aria-labelledby=\"toggle_710d9958757dd4483\"><div class=\"panel-body toggle-content fusion-clearfix\"><\/p>\n<p><strong>Christopher Schlunk and Iris Pelz<\/strong> met at the Academy of Circus and Performing Arts in Tilburg, the Netherlands, where they graduated in 2011. They perform all over the world with renowned companies such as Cirque \u00c9loize (Canada), Cikus Monti (Switzerland), Cirkus Cirk\u00f6r (Sweden), La Soir\u00e9e (Australia) and Palazzo (Germany). Their innovative number &#8216;The Microphone&#8217; won numerous awards, including a silver medal at the Festival Mondial du Cirque de Demain, the audience award at Young Stage, first place at Newcomershow and a special award at the Moscow International Circus Festival. The duo has performed in venues such as the famous Sydney Opera House, Roundhouse in London, La Tohu in Montreal and the Cham\u00e4leon Theater in Berlin. Together with four colleagues from the circus school, they founded the collective Common Ground. Their first tour took them to festivals such as Atoll (Germany), Theater op de Markt (Belgium) and Circus Circle (Netherlands).<\/p>\n<p><strong>In 2020\/21 Chris and Iris created the duo piece GAP of 42, their first full-length production as a duo.<\/strong><\/p>\n<p><\/div><\/div><\/div><div class=\"fusion-panel panel-default panel-ce808a31d98bcbe20 fusion-toggle-has-divider\"><div class=\"panel-heading\"><h4 class=\"panel-title toggle\" id=\"toggle_ce808a31d98bcbe20\"><a aria-expanded=\"false\" aria-controls=\"ce808a31d98bcbe20\" role=\"button\" data-toggle=\"collapse\" data-parent=\"#accordion-21827-1\" data-target=\"#ce808a31d98bcbe20\" href=\"#ce808a31d98bcbe20\"><span class=\"fusion-toggle-icon-wrapper\" aria-hidden=\"true\"><i class=\"fa-fusion-box active-icon awb-icon-minus\" aria-hidden=\"true\"><\/i><i class=\"fa-fusion-box inactive-icon awb-icon-plus\" aria-hidden=\"true\"><\/i><\/span><span class=\"fusion-toggle-heading\">INFO &amp; TICKETS<\/span><\/a><\/h4><\/div><div id=\"ce808a31d98bcbe20\" class=\"panel-collapse collapse \" aria-labelledby=\"toggle_ce808a31d98bcbe20\"><div class=\"panel-body toggle-content fusion-clearfix\"><\/p>\n<p><strong>TICKETS<\/strong><br \/>\nFull: 6 euro<\/p>\n<p><strong style=\"font-weight: bold;\">PURCHASING TICKETS<\/strong><\/p>\n<p>Tickets can be purchased online at <span style=\"color: #d40000;\"><a style=\"color: #d40000;\" href=\"https:\/\/www.biglietteriafonderia39.it\/home.aspx\">www.biglietteriafonderia39.it<\/a><\/span>.<\/p>\n<p>The ticket office service at the Fonderia is open from 5 p.m. onwards.<\/p>\n<p>Tickets are not numbered.<\/p>\n<p><strong>CONTACTS<\/strong><\/p>\n<p>Mobile and whatsapp 3341023554<\/p>\n<p>Email\u00a0<span style=\"color: #d40000;\"><a style=\"color: #d40000;\" href=\"mailto:biglietteria@aterballetto.it\" target=\"_blank\" rel=\"noopener noreferrer\">biglietteria@aterballetto.it<\/a><\/span><\/p>\n<p><\/div><\/div><\/div><\/div><\/div>\n<p>&nbsp;<\/p>\n","protected":false},"excerpt":{"rendered":"<p>CHRIS IRIS<\/p>\n","protected":false},"author":1,"featured_media":20450,"template":"","meta":{"_tribe_events_status":"","_tribe_events_status_reason":"","_tribe_events_is_hybrid":"","_tribe_events_is_virtual":"","_tribe_events_virtual_video_source":"","_tribe_events_virtual_embed_video":"","_tribe_events_virtual_linked_button_text":"","_tribe_events_virtual_linked_button":"","_tribe_events_virtual_show_embed_at":"","_tribe_events_virtual_show_embed_to":[],"_tribe_events_virtual_show_on_event":"","_tribe_events_virtual_show_on_views":"","_tribe_events_virtual_url":"","footnotes":""},"tags":[],"tribe_events_cat":[101,71,219],"class_list":["post-21827","tribe_events","type-tribe_events","status-publish","has-post-thumbnail","hentry","tribe_events_cat-performances-en","tribe_events_cat-season","tribe_events_cat-stagione-gennaio-giugno-2023-en","cat_performances-en","cat_season","cat_stagione-gennaio-giugno-2023-en"],"_links":{"self":[{"href":"https:\/\/www.fndaterballetto.it\/en\/wp-json\/wp\/v2\/tribe_events\/21827","targetHints":{"allow":["GET"]}}],"collection":[{"href":"https:\/\/www.fndaterballetto.it\/en\/wp-json\/wp\/v2\/tribe_events"}],"about":[{"href":"https:\/\/www.fndaterballetto.it\/en\/wp-json\/wp\/v2\/types\/tribe_events"}],"author":[{"embeddable":true,"href":"https:\/\/www.fndaterballetto.it\/en\/wp-json\/wp\/v2\/users\/1"}],"version-history":[{"count":4,"href":"https:\/\/www.fndaterballetto.it\/en\/wp-json\/wp\/v2\/tribe_events\/21827\/revisions"}],"predecessor-version":[{"id":22439,"href":"https:\/\/www.fndaterballetto.it\/en\/wp-json\/wp\/v2\/tribe_events\/21827\/revisions\/22439"}],"wp:featuredmedia":[{"embeddable":true,"href":"https:\/\/www.fndaterballetto.it\/en\/wp-json\/wp\/v2\/media\/20450"}],"wp:attachment":[{"href":"https:\/\/www.fndaterballetto.it\/en\/wp-json\/wp\/v2\/media?parent=21827"}],"wp:term":[{"taxonomy":"post_tag","embeddable":true,"href":"https:\/\/www.fndaterballetto.it\/en\/wp-json\/wp\/v2\/tags?post=21827"},{"taxonomy":"tribe_events_cat","embeddable":true,"href":"https:\/\/www.fndaterballetto.it\/en\/wp-json\/wp\/v2\/tribe_events_cat?post=21827"}],"curies":[{"name":"wp","href":"https:\/\/api.w.org\/{rel}","templated":true}]}}

<div id="attachment_18317" style="width: 1350px" class="wp-caption alignnone"><img decoding="async" aria-describedby="caption-attachment-18317" class="size-full wp-image-18317" src="https://www.aterballetto.it/wp-content/uploads/2023/01/Schermata-2023-01-27-alle-14.23.38.jpg" alt="" width="1340" height="886" /><p id="caption-attachment-18317" class="wp-caption-text"><span style="font-size: 11pt;">GAP of 42 &#8211; Chris Iris &#8211; ph. Kai Hebestreit</span></p></div>
<p>&nbsp;</p>
<p>The acrobatic dance show <span style="color: #d40000;"><strong><em>Gap of 42</em></strong></span> created and performed by two very talented German artists, <strong>Christopher Schlunk and Iris Pelz</strong>, is coming to the Fonderia for the first time. Extraordinary acrobatics and situational comedy meet in a contemporary and entertaining show where two apparently very different bodies come together to create something incredible.</p>
<div class="accordian fusion-accordian" style="--awb-border-size:1px;--awb-icon-size:13px;--awb-content-font-size:1em;--awb-icon-alignment:left;--awb-hover-color:#f9f9f9;--awb-border-color:#cccccc;--awb-background-color:#ffffff;--awb-divider-color:#222222;--awb-divider-hover-color:#222222;--awb-icon-color:#222222;--awb-title-color:var(--awb-color8);--awb-content-color:var(--awb-color8);--awb-icon-box-color:#333333;--awb-toggle-hover-accent-color:var(--awb-color3);--awb-title-font-family:&quot;Mulish&quot;;--awb-title-font-weight:700;--awb-title-font-style:normal;--awb-title-font-size:1.4em;--awb-content-font-family:&quot;Mulish&quot;;--awb-content-font-style:normal;--awb-content-font-weight:400;"><div class="panel-group fusion-toggle-icon-unboxed" id="accordion-21827-1"><div class="fusion-panel panel-default panel-c113e5cb39e077bd0 fusion-toggle-has-divider"><div class="panel-heading"><h4 class="panel-title toggle" id="toggle_c113e5cb39e077bd0"><a aria-expanded="false" aria-controls="c113e5cb39e077bd0" role="button" data-toggle="collapse" data-parent="#accordion-21827-1" data-target="#c113e5cb39e077bd0" href="#c113e5cb39e077bd0"><span class="fusion-toggle-icon-wrapper" aria-hidden="true"><i class="fa-fusion-box active-icon awb-icon-minus" aria-hidden="true"></i><i class="fa-fusion-box inactive-icon awb-icon-plus" aria-hidden="true"></i></span><span class="fusion-toggle-heading">CREDITS</span></a></h4></div><div id="c113e5cb39e077bd0" class="panel-collapse collapse " aria-labelledby="toggle_c113e5cb39e077bd0"><div class="panel-body toggle-content fusion-clearfix"></p>
<p class="p1">By and with <strong>Iris Pelz e Christopher Schlunk </strong></p>
<p class="p1">Outside-eye: <strong>Stefan Schönfeld </strong></p>
<p class="p1">Musicc: <strong>Schroeder (with Jan Fitschen | Felix Borel | Bella Nugent) </strong></p>
<p class="p1">Object theatre coaching: <strong>Anne-Kathrin Klatt </strong></p>
<p class="p1">Dance coaching: <strong>Laura Börtlein </strong></p>
<p class="p1">Lighting design: <strong>Marvin Wöllner</strong></p>
<p></div></div></div><div class="fusion-panel panel-default panel-87d3dbd326509941b fusion-toggle-has-divider"><div class="panel-heading"><h4 class="panel-title toggle" id="toggle_87d3dbd326509941b"><a aria-expanded="false" aria-controls="87d3dbd326509941b" role="button" data-toggle="collapse" data-parent="#accordion-21827-1" data-target="#87d3dbd326509941b" href="#87d3dbd326509941b"><span class="fusion-toggle-icon-wrapper" aria-hidden="true"><i class="fa-fusion-box active-icon awb-icon-minus" aria-hidden="true"></i><i class="fa-fusion-box inactive-icon awb-icon-plus" aria-hidden="true"></i></span><span class="fusion-toggle-heading">SYNOPSIS</span></a></h4></div><div id="87d3dbd326509941b" class="panel-collapse collapse " aria-labelledby="toggle_87d3dbd326509941b"><div class="panel-body toggle-content fusion-clearfix"></p>
<p><strong>Two dissimilar bodies meet acrobatically.</strong> 42 cm separate them in height, 42 kg in weight. A difference that unites and creates possibilities instead of being an obstacle. The extraordinary acrobatics surprise the audience while the duo&#8217;s subtle humour makes them smile. The performers sympathetically and thought-provokingly show how relationships change and how they meet at eye level. Philosophical questions are raised, absurd moments arise and there is a glimmer of magic. Three wooden objects even out the height difference and become a third partner on stage. The piece is a compilation of contemporary circus, physical theatre, dance and object theatre. Acrobatics performed with precision and ease; touching, poetic and original.</p>
<p>&#8220;<em>Rarely has a dance or acrobatic couple been seen that portrays the great themes of being so subtly, so poetically.&#8221;</em> (Bernd Guido Weber in &#8216;Schwäbische&#8217; about GAP of 42)</p>
<p></div></div></div><div class="fusion-panel panel-default panel-710d9958757dd4483 fusion-toggle-has-divider"><div class="panel-heading"><h4 class="panel-title toggle" id="toggle_710d9958757dd4483"><a aria-expanded="false" aria-controls="710d9958757dd4483" role="button" data-toggle="collapse" data-parent="#accordion-21827-1" data-target="#710d9958757dd4483" href="#710d9958757dd4483"><span class="fusion-toggle-icon-wrapper" aria-hidden="true"><i class="fa-fusion-box active-icon awb-icon-minus" aria-hidden="true"></i><i class="fa-fusion-box inactive-icon awb-icon-plus" aria-hidden="true"></i></span><span class="fusion-toggle-heading">CHRIS IRIS</span></a></h4></div><div id="710d9958757dd4483" class="panel-collapse collapse " aria-labelledby="toggle_710d9958757dd4483"><div class="panel-body toggle-content fusion-clearfix"></p>
<p><strong>Christopher Schlunk and Iris Pelz</strong> met at the Academy of Circus and Performing Arts in Tilburg, the Netherlands, where they graduated in 2011. They perform all over the world with renowned companies such as Cirque Éloize (Canada), Cikus Monti (Switzerland), Cirkus Cirkör (Sweden), La Soirée (Australia) and Palazzo (Germany). Their innovative number &#8216;The Microphone&#8217; won numerous awards, including a silver medal at the Festival Mondial du Cirque de Demain, the audience award at Young Stage, first place at Newcomershow and a special award at the Moscow International Circus Festival. The duo has performed in venues such as the famous Sydney Opera House, Roundhouse in London, La Tohu in Montreal and the Chamäleon Theater in Berlin. Together with four colleagues from the circus school, they founded the collective Common Ground. Their first tour took them to festivals such as Atoll (Germany), Theater op de Markt (Belgium) and Circus Circle (Netherlands).</p>
<p><strong>In 2020/21 Chris and Iris created the duo piece GAP of 42, their first full-length production as a duo.</strong></p>
<p></div></div></div><div class="fusion-panel panel-default panel-ce808a31d98bcbe20 fusion-toggle-has-divider"><div class="panel-heading"><h4 class="panel-title toggle" id="toggle_ce808a31d98bcbe20"><a aria-expanded="false" aria-controls="ce808a31d98bcbe20" role="button" data-toggle="collapse" data-parent="#accordion-21827-1" data-target="#ce808a31d98bcbe20" href="#ce808a31d98bcbe20"><span class="fusion-toggle-icon-wrapper" aria-hidden="true"><i class="fa-fusion-box active-icon awb-icon-minus" aria-hidden="true"></i><i class="fa-fusion-box inactive-icon awb-icon-plus" aria-hidden="true"></i></span><span class="fusion-toggle-heading">INFO &amp; TICKETS</span></a></h4></div><div id="ce808a31d98bcbe20" class="panel-collapse collapse " aria-labelledby="toggle_ce808a31d98bcbe20"><div class="panel-body toggle-content fusion-clearfix"></p>
<p><strong>TICKETS</strong><br />
Full: 6 euro</p>
<p><strong style="font-weight: bold;">PURCHASING TICKETS</strong></p>
<p>Tickets can be purchased online at <span style="color: #d40000;"><a style="color: #d40000;" href="https://www.biglietteriafonderia39.it/home.aspx">www.biglietteriafonderia39.it</a></span>.</p>
<p>The ticket office service at the Fonderia is open from 5 p.m. onwards.</p>
<p>Tickets are not numbered.</p>
<p><strong>CONTACTS</strong></p>
<p>Mobile and whatsapp 3341023554</p>
<p>Email <span style="color: #d40000;"><a style="color: #d40000;" href="mailto:biglietteria@aterballetto.it" target="_blank" rel="noopener noreferrer">biglietteria@aterballetto.it</a></span></p>
<p></div></div></div></div></div>
<p>&nbsp;</p>
